{"id":1353,"date":"2018-03-02T14:45:24","date_gmt":"2018-03-02T14:45:24","guid":{"rendered":"http:\/\/offbeat.edge-themes.com\/?page_id=1353"},"modified":"2026-04-16T22:32:07","modified_gmt":"2026-04-16T20:32:07","slug":"mieterinnen","status":"publish","type":"page","link":"https:\/\/hafenlust.de\/web\/mieterinnen\/","title":{"rendered":"weibliche G\u00e4ste"},"content":{"rendered":"<div class=\"wpb-content-wrapper\"><p>[vc_row row_content_width=&#8220;grid&#8220; content_text_aligment=&#8220;center&#8220; css=&#8220;.vc_custom_1623577997117{padding-top: 13px !important;}&#8220;][vc_column width=&#8220;2\/3&#8243; offset=&#8220;vc_col-lg-offset-0 vc_col-lg-4 vc_col-md-offset-0 vc_col-md-4 vc_col-sm-offset-2&#8243;]<div class=\"edgtf-team-holder  edgtf-team-info-below-image\">\n\t<div class=\"edgtf-team-inner\">\n\t\t\t\t\t<div class=\"edgtf-team-image\">\n                <img loading=\"lazy\" decoding=\"async\" width=\"800\" height=\"640\" src=\"https:\/\/hafenlust.de\/web\/wp-content\/uploads\/2026\/03\/Vorschau_Anni_03_26_Hafenlust_Gast_IMG_4445.webp\" class=\"attachment-full size-full not-transparent\" alt=\"\" srcset=\"https:\/\/hafenlust.de\/web\/wp-content\/uploads\/2026\/03\/Vorschau_Anni_03_26_Hafenlust_Gast_IMG_4445.webp 800w, https:\/\/hafenlust.de\/web\/wp-content\/uploads\/2026\/03\/Vorschau_Anni_03_26_Hafenlust_Gast_IMG_4445-300x240.webp 300w, https:\/\/hafenlust.de\/web\/wp-content\/uploads\/2026\/03\/Vorschau_Anni_03_26_Hafenlust_Gast_IMG_4445-768x614.webp 768w\" sizes=\"auto, (max-width: 800px) 100vw, 800px\" data-has-transparency=\"false\" data-dominant-color=\"7b075e\" style=\"--dominant-color: #7b075e;\" \/>\t\t\t<\/div>\n\t\t\t\t<div class=\"edgtf-team-info\">\n\t\t\t\t\t\t\t<h4 class=\"edgtf-team-name\" >Anni<\/h4>\n\t\t\t\t\t\t\t\t\t\t<p class=\"edgtf-team-position\" >26 Jahre<\/p>\n\t\t\t\t\t\t\t\t\t\t<p class=\"edgtf-team-text\" >wieder in Hamm<\/p>\n\t\t\t\t\t\t\t\t<\/div>\n\t<\/div>\n<\/div>[vc_empty_space height=&#8220;55px&#8220;][vc_btn title=&#8220;Anni&#8217;s Bilder&#8220; color=&#8220;warning&#8220; css=&#8220;&#8220; link=&#8220;url:https%3A%2F%2Fwww.6profis.de%2Fbordell%2Fhamm%2Fhammer-triebwerk%2Fanni-105940.html|target:_blank&#8220;][\/vc_column][vc_column width=&#8220;2\/3&#8243; offset=&#8220;vc_col-lg-offset-0 vc_col-lg-4 vc_col-md-offset-0 vc_col-md-4 vc_col-sm-offset-2&#8243;]<div class=\"edgtf-team-holder  edgtf-team-info-below-image\">\n\t<div class=\"edgtf-team-inner\">\n\t\t\t\t\t<div class=\"edgtf-team-image\">\n                <img loading=\"lazy\" decoding=\"async\" width=\"800\" height=\"640\" src=\"https:\/\/hafenlust.de\/web\/wp-content\/uploads\/2023\/06\/Geanina_Tuer_Mieterin-Hafenlust.jpg\" class=\"attachment-full size-full\" alt=\"Geannina, eine selbst\u00e4ndige Prostituierte besuchbar in der Hafenlust in Hamm\" srcset=\"https:\/\/hafenlust.de\/web\/wp-content\/uploads\/2023\/06\/Geanina_Tuer_Mieterin-Hafenlust.jpg 800w, https:\/\/hafenlust.de\/web\/wp-content\/uploads\/2023\/06\/Geanina_Tuer_Mieterin-Hafenlust-300x240.jpg 300w, https:\/\/hafenlust.de\/web\/wp-content\/uploads\/2023\/06\/Geanina_Tuer_Mieterin-Hafenlust-768x614.jpg 768w, https:\/\/hafenlust.de\/web\/wp-content\/uploads\/2023\/06\/Geanina_Tuer_Mieterin-Hafenlust-600x480.jpg 600w\" sizes=\"auto, (max-width: 800px) 100vw, 800px\" \/>\t\t\t<\/div>\n\t\t\t\t<div class=\"edgtf-team-info\">\n\t\t\t\t\t\t\t<h4 class=\"edgtf-team-name\" >Geanina<\/h4>\n\t\t\t\t\t\t\t\t\t\t<p class=\"edgtf-team-position\" >32 Jahre<\/p>\n\t\t\t\t\t\t\t\t\t\t<p class=\"edgtf-team-text\" >!!Ab Samstag wieder in da!!<\/p>\n\t\t\t\t\t\t\t\t<\/div>\n\t<\/div>\n<\/div>[vc_empty_space height=&#8220;55px&#8220;][vc_btn title=&#8220;Infos &amp; Bilder&#8220; color=&#8220;warning&#8220; css=&#8220;&#8220; link=&#8220;url:https%3A%2F%2Fwww.6profis.de%2Fbordell%2Fhamm%2Fhammer-triebwerk%2Fjanina-80267.html|target:_blank&#8220;][\/vc_column][vc_column width=&#8220;2\/3&#8243; offset=&#8220;vc_col-lg-offset-0 vc_col-lg-4 vc_col-md-offset-0 vc_col-md-4 vc_col-sm-offset-2&#8243;]<div class=\"edgtf-team-holder  edgtf-team-info-below-image\">\n\t<div class=\"edgtf-team-inner\">\n\t\t\t\t\t<div class=\"edgtf-team-image\">\n                <img loading=\"lazy\" decoding=\"async\" width=\"800\" height=\"640\" src=\"https:\/\/hafenlust.de\/web\/wp-content\/uploads\/2024\/10\/Vorschau_Sofia_10_24_Hafenlust_Mieterin_IMG_1445.jpg\" class=\"attachment-full size-full\" alt=\"\" srcset=\"https:\/\/hafenlust.de\/web\/wp-content\/uploads\/2024\/10\/Vorschau_Sofia_10_24_Hafenlust_Mieterin_IMG_1445.jpg 800w, https:\/\/hafenlust.de\/web\/wp-content\/uploads\/2024\/10\/Vorschau_Sofia_10_24_Hafenlust_Mieterin_IMG_1445-300x240.jpg 300w, https:\/\/hafenlust.de\/web\/wp-content\/uploads\/2024\/10\/Vorschau_Sofia_10_24_Hafenlust_Mieterin_IMG_1445-768x614.jpg 768w, https:\/\/hafenlust.de\/web\/wp-content\/uploads\/2024\/10\/Vorschau_Sofia_10_24_Hafenlust_Mieterin_IMG_1445-600x480.jpg 600w\" sizes=\"auto, (max-width: 800px) 100vw, 800px\" \/>\t\t\t<\/div>\n\t\t\t\t<div class=\"edgtf-team-info\">\n\t\t\t\t\t\t\t<h4 class=\"edgtf-team-name\" >Sofia<\/h4>\n\t\t\t\t\t\t\t\t\t\t<p class=\"edgtf-team-position\" >40 Jahre<\/p>\n\t\t\t\t\t\t\t\t\t\t<p class=\"edgtf-team-text\" >wieder zu Besuch<\/p>\n\t\t\t\t\t\t\t\t<\/div>\n\t<\/div>\n<\/div>[vc_empty_space height=&#8220;55px&#8220;][vc_btn title=&#8220;Infos &amp; Bilder&#8220; color=&#8220;warning&#8220; css=&#8220;&#8220; link=&#8220;url:https%3A%2F%2Fwww.6profis.de%2Fbordell%2Fhamm%2Fhammer-triebwerk%2Fsofia-106132.html|target:_blank&#8220;][\/vc_column][\/vc_row][vc_row row_content_width=&#8220;grid&#8220; content_text_aligment=&#8220;center&#8220; css=&#8220;.vc_custom_1623577997117{padding-top: 13px !important;}&#8220;][vc_column width=&#8220;2\/3&#8243; offset=&#8220;vc_col-lg-offset-0 vc_col-lg-4 vc_col-md-offset-0 vc_col-md-4 vc_col-sm-offset-2&#8243;]<div class=\"edgtf-team-holder  edgtf-team-info-below-image\">\n\t<div class=\"edgtf-team-inner\">\n\t\t\t\t\t<div class=\"edgtf-team-image\">\n                <img loading=\"lazy\" decoding=\"async\" width=\"800\" height=\"640\" src=\"https:\/\/hafenlust.de\/web\/wp-content\/uploads\/2026\/02\/Hafenlust_MieterinRosy26.webp\" class=\"attachment-full size-full not-transparent\" alt=\"\" srcset=\"https:\/\/hafenlust.de\/web\/wp-content\/uploads\/2026\/02\/Hafenlust_MieterinRosy26.webp 800w, https:\/\/hafenlust.de\/web\/wp-content\/uploads\/2026\/02\/Hafenlust_MieterinRosy26-300x240.webp 300w, https:\/\/hafenlust.de\/web\/wp-content\/uploads\/2026\/02\/Hafenlust_MieterinRosy26-768x614.webp 768w\" sizes=\"auto, (max-width: 800px) 100vw, 800px\" data-has-transparency=\"false\" data-dominant-color=\"a70614\" style=\"--dominant-color: #a70614;\" \/>\t\t\t<\/div>\n\t\t\t\t<div class=\"edgtf-team-info\">\n\t\t\t\t\t\t\t<h4 class=\"edgtf-team-name\" >Rosy<\/h4>\n\t\t\t\t\t\t\t\t\t\t<p class=\"edgtf-team-position\" >35Jahre, 90DD!!<\/p>\n\t\t\t\t\t\t\t\t\t\t<p class=\"edgtf-team-text\" >das erste Mal in Hamm<\/p>\n\t\t\t\t\t\t\t\t<\/div>\n\t<\/div>\n<\/div>[vc_empty_space height=&#8220;55px&#8220;][vc_btn title=&#8220;Rosy&#8217;s Infos &amp; Bilder&#8220; color=&#8220;warning&#8220; css=&#8220;&#8220; link=&#8220;url:https%3A%2F%2Fwww.6profis.de%2Fbordell%2Fhamm%2Fhammer-triebwerk%2Frosy-112167.html|target:_blank&#8220;][\/vc_column][vc_column width=&#8220;2\/3&#8243; offset=&#8220;vc_col-lg-offset-0 vc_col-lg-4 vc_col-md-offset-0 vc_col-md-4 vc_col-sm-offset-2&#8243;]<div class=\"edgtf-team-holder  edgtf-team-info-below-image\">\n\t<div class=\"edgtf-team-inner\">\n\t\t\t\t\t<div class=\"edgtf-team-image\">\n                <img loading=\"lazy\" decoding=\"async\" width=\"800\" height=\"640\" src=\"https:\/\/hafenlust.de\/web\/wp-content\/uploads\/2026\/03\/vorschau_Jennifer_02_26_Hafenlust_Gast_IMG_4322-1.webp\" class=\"attachment-full size-full not-transparent\" alt=\"\" srcset=\"https:\/\/hafenlust.de\/web\/wp-content\/uploads\/2026\/03\/vorschau_Jennifer_02_26_Hafenlust_Gast_IMG_4322-1.webp 800w, https:\/\/hafenlust.de\/web\/wp-content\/uploads\/2026\/03\/vorschau_Jennifer_02_26_Hafenlust_Gast_IMG_4322-1-300x240.webp 300w, https:\/\/hafenlust.de\/web\/wp-content\/uploads\/2026\/03\/vorschau_Jennifer_02_26_Hafenlust_Gast_IMG_4322-1-768x614.webp 768w\" sizes=\"auto, (max-width: 800px) 100vw, 800px\" data-has-transparency=\"false\" data-dominant-color=\"531e0c\" style=\"--dominant-color: #531e0c;\" \/>\t\t\t<\/div>\n\t\t\t\t<div class=\"edgtf-team-info\">\n\t\t\t\t\t\t\t<h4 class=\"edgtf-team-name\" >Jennifer<\/h4>\n\t\t\t\t\t\t\t\t\t\t<p class=\"edgtf-team-position\" >35 Jahre<\/p>\n\t\t\t\t\t\t\t\t\t\t<p class=\"edgtf-team-text\" >!!das erste Mal in Hamm!!<\/p>\n\t\t\t\t\t\t\t\t<\/div>\n\t<\/div>\n<\/div>[vc_empty_space height=&#8220;55px&#8220;][vc_btn title=&#8220;Infos &amp; Bilder&#8220; color=&#8220;warning&#8220; css=&#8220;&#8220; link=&#8220;url:https%3A%2F%2Fwww.6profis.de%2Fbordell%2Fhamm%2Fhammer-triebwerk%2Fsussi-110380.html|target:_blank&#8220;][\/vc_column][vc_column width=&#8220;2\/3&#8243; offset=&#8220;vc_col-lg-offset-0 vc_col-lg-4 vc_col-md-offset-0 vc_col-md-4 vc_col-sm-offset-2&#8243;]<div class=\"edgtf-team-holder  edgtf-team-info-below-image\">\n\t<div class=\"edgtf-team-inner\">\n\t\t\t\t\t<div class=\"edgtf-team-image\">\n                <img loading=\"lazy\" decoding=\"async\" width=\"800\" height=\"640\" src=\"https:\/\/hafenlust.de\/web\/wp-content\/uploads\/2026\/03\/vorschau_Kim_03_26_Hafenlust_Gast_IMG_4431.webp\" class=\"attachment-full size-full not-transparent\" alt=\"\" srcset=\"https:\/\/hafenlust.de\/web\/wp-content\/uploads\/2026\/03\/vorschau_Kim_03_26_Hafenlust_Gast_IMG_4431.webp 800w, https:\/\/hafenlust.de\/web\/wp-content\/uploads\/2026\/03\/vorschau_Kim_03_26_Hafenlust_Gast_IMG_4431-300x240.webp 300w, https:\/\/hafenlust.de\/web\/wp-content\/uploads\/2026\/03\/vorschau_Kim_03_26_Hafenlust_Gast_IMG_4431-768x614.webp 768w\" sizes=\"auto, (max-width: 800px) 100vw, 800px\" data-has-transparency=\"false\" data-dominant-color=\"951658\" style=\"--dominant-color: #951658;\" \/>\t\t\t<\/div>\n\t\t\t\t<div class=\"edgtf-team-info\">\n\t\t\t\t\t\t\t<h4 class=\"edgtf-team-name\" >Kim<\/h4>\n\t\t\t\t\t\t\t\t\t\t<p class=\"edgtf-team-position\" >32 Jahre<\/p>\n\t\t\t\t\t\t\t\t\t\t<p class=\"edgtf-team-text\" >zur Zeit besuchbar<\/p>\n\t\t\t\t\t\t\t\t<\/div>\n\t<\/div>\n<\/div>[vc_empty_space height=&#8220;55px&#8220;][vc_btn title=&#8220;Kim&#8217;s Infos &amp; Bilder&#8220; color=&#8220;warning&#8220; css=&#8220;&#8220; link=&#8220;url:https%3A%2F%2Fwww.6profis.de%2Fbordell%2Fhamm%2Fhammer-triebwerk%2Fkim-74957.html|target:_blank&#8220;][\/vc_column][\/vc_row][vc_row row_content_width=&#8220;grid&#8220; content_text_aligment=&#8220;center&#8220; css=&#8220;.vc_custom_1623577997117{padding-top: 13px !important;}&#8220;][vc_column width=&#8220;2\/3&#8243; offset=&#8220;vc_col-lg-offset-0 vc_col-lg-4 vc_col-md-offset-0 vc_col-md-4 vc_col-sm-offset-2&#8243;][vc_empty_space height=&#8220;55px&#8220;][\/vc_column][vc_column width=&#8220;2\/3&#8243; offset=&#8220;vc_col-lg-offset-0 vc_col-lg-4 vc_col-md-offset-0 vc_col-md-4 vc_col-sm-offset-2&#8243;][vc_empty_space height=&#8220;55px&#8220;][\/vc_column][vc_column width=&#8220;2\/3&#8243; offset=&#8220;vc_col-lg-offset-0 vc_col-lg-4 vc_col-md-offset-0 vc_col-md-4 vc_col-sm-offset-2&#8243;][vc_empty_space height=&#8220;55px&#8220;][\/vc_column][\/vc_row][vc_row row_content_width=&#8220;grid&#8220; content_text_aligment=&#8220;center&#8220; css=&#8220;.vc_custom_1624827612332{padding-bottom: 50px !important;}&#8220;][vc_column width=&#8220;2\/3&#8243; offset=&#8220;vc_col-lg-offset-0 vc_col-lg-4 vc_col-md-offset-0 vc_col-md-4 vc_col-sm-offset-2&#8243;]<div class=\"edgtf-team-holder  edgtf-team-info-below-image\">\n\t<div class=\"edgtf-team-inner\">\n\t\t\t\t\t<div class=\"edgtf-team-image\">\n                <img loading=\"lazy\" decoding=\"async\" width=\"800\" height=\"640\" src=\"https:\/\/hafenlust.de\/web\/wp-content\/uploads\/2021\/07\/zimmer-frei.png\" class=\"attachment-full size-full\" alt=\"\" srcset=\"https:\/\/hafenlust.de\/web\/wp-content\/uploads\/2021\/07\/zimmer-frei.png 800w, https:\/\/hafenlust.de\/web\/wp-content\/uploads\/2021\/07\/zimmer-frei-300x240.png 300w, https:\/\/hafenlust.de\/web\/wp-content\/uploads\/2021\/07\/zimmer-frei-768x614.png 768w, https:\/\/hafenlust.de\/web\/wp-content\/uploads\/2021\/07\/zimmer-frei-600x480.png 600w\" sizes=\"auto, (max-width: 800px) 100vw, 800px\" \/>\t\t\t<\/div>\n\t\t\t\t<div class=\"edgtf-team-info\">\n\t\t\t\t\t\t\t<h4 class=\"edgtf-team-name\" >Zimmer Frei<\/h4>\n\t\t\t\t\t\t\t\t\t\t<p class=\"edgtf-team-position\" >... und wann kommst Du?<\/p>\n\t\t\t\t\t\t\t\t\t\t<p class=\"edgtf-team-text\" >wir freuen uns auf Dich<\/p>\n\t\t\t\t\t\t\t\t<\/div>\n\t<\/div>\n<\/div>[vc_empty_space height=&#8220;55px&#8220;][vc_btn title=&#8220;Wir freuen uns auf Dich&#8220; color=&#8220;warning&#8220; link=&#8220;url:https%3A%2F%2Fhafenlust.de%2Fweb%2Fzimmervermietung%2F|title:gewerbliche%20Zimmervermietung|target:_blank&#8220;][\/vc_column][vc_column width=&#8220;2\/3&#8243; offset=&#8220;vc_col-lg-offset-0 vc_col-lg-4 vc_col-md-offset-0 vc_col-md-4 vc_col-sm-offset-2&#8243;]<div class=\"edgtf-team-holder  edgtf-team-info-below-image\">\n\t<div class=\"edgtf-team-inner\">\n\t\t\t\t\t<div class=\"edgtf-team-image\">\n                <img loading=\"lazy\" decoding=\"async\" width=\"800\" height=\"640\" src=\"https:\/\/hafenlust.de\/web\/wp-content\/uploads\/2026\/02\/vorschau_Stella_02_26_Hafenlust_Gast_IMG_4118.webp\" class=\"attachment-full size-full not-transparent\" alt=\"\" srcset=\"https:\/\/hafenlust.de\/web\/wp-content\/uploads\/2026\/02\/vorschau_Stella_02_26_Hafenlust_Gast_IMG_4118.webp 800w, https:\/\/hafenlust.de\/web\/wp-content\/uploads\/2026\/02\/vorschau_Stella_02_26_Hafenlust_Gast_IMG_4118-300x240.webp 300w, https:\/\/hafenlust.de\/web\/wp-content\/uploads\/2026\/02\/vorschau_Stella_02_26_Hafenlust_Gast_IMG_4118-768x614.webp 768w\" sizes=\"auto, (max-width: 800px) 100vw, 800px\" data-has-transparency=\"false\" data-dominant-color=\"7d2e1b\" style=\"--dominant-color: #7d2e1b;\" \/>\t\t\t<\/div>\n\t\t\t\t<div class=\"edgtf-team-info\">\n\t\t\t\t\t\t\t<h4 class=\"edgtf-team-name\" >Stella<\/h4>\n\t\t\t\t\t\t\t\t\t\t<p class=\"edgtf-team-position\" >34 Jahre<\/p>\n\t\t\t\t\t\t\t\t\t\t<p class=\"edgtf-team-text\" >zur Zeit nicht im Haus<\/p>\n\t\t\t\t\t\t\t\t<\/div>\n\t<\/div>\n<\/div>[vc_empty_space height=&#8220;55px&#8220;][vc_btn title=&#8220;Infos &amp; Bilder&#8220; color=&#8220;warning&#8220; css=&#8220;&#8220; link=&#8220;url:https%3A%2F%2Fwww.6profis.de%2Fbordell%2Fhamm%2Fhammer-triebwerk%2Fstella-71533.html|target:_blank&#8220;][\/vc_column][vc_column width=&#8220;2\/3&#8243; offset=&#8220;vc_col-lg-offset-0 vc_col-lg-4 vc_col-md-offset-0 vc_col-md-4 vc_col-sm-offset-2&#8243;]<div class=\"edgtf-team-holder  edgtf-team-info-below-image\">\n\t<div class=\"edgtf-team-inner\">\n\t\t\t\t\t<div class=\"edgtf-team-image\">\n                <img loading=\"lazy\" decoding=\"async\" width=\"800\" height=\"640\" src=\"https:\/\/hafenlust.de\/web\/wp-content\/uploads\/2026\/02\/vorschau_Petra_02_26_Hafenlust_Gast_IMG_4126.webp\" class=\"attachment-full size-full not-transparent\" alt=\"\" srcset=\"https:\/\/hafenlust.de\/web\/wp-content\/uploads\/2026\/02\/vorschau_Petra_02_26_Hafenlust_Gast_IMG_4126.webp 800w, https:\/\/hafenlust.de\/web\/wp-content\/uploads\/2026\/02\/vorschau_Petra_02_26_Hafenlust_Gast_IMG_4126-300x240.webp 300w, https:\/\/hafenlust.de\/web\/wp-content\/uploads\/2026\/02\/vorschau_Petra_02_26_Hafenlust_Gast_IMG_4126-768x614.webp 768w\" sizes=\"auto, (max-width: 800px) 100vw, 800px\" data-has-transparency=\"false\" data-dominant-color=\"8b1c0c\" style=\"--dominant-color: #8b1c0c;\" \/>\t\t\t<\/div>\n\t\t\t\t<div class=\"edgtf-team-info\">\n\t\t\t\t\t\t\t<h4 class=\"edgtf-team-name\" >Petra<\/h4>\n\t\t\t\t\t\t\t\t\t\t<p class=\"edgtf-team-position\" >33 Jahre<\/p>\n\t\t\t\t\t\t\t\t\t\t<p class=\"edgtf-team-text\" >Nicht im Haus zur Zeit<\/p>\n\t\t\t\t\t\t\t\t<\/div>\n\t<\/div>\n<\/div>[vc_empty_space height=&#8220;55px&#8220;][\/vc_column][\/vc_row][vc_row row_content_width=&#8220;grid&#8220; content_text_aligment=&#8220;center&#8220; css=&#8220;.vc_custom_1624827612332{padding-bottom: 50px !important;}&#8220;][vc_column width=&#8220;2\/3&#8243; offset=&#8220;vc_col-lg-offset-0 vc_col-lg-4 vc_col-md-offset-0 vc_col-md-4 vc_col-sm-offset-2&#8243;][vc_empty_space height=&#8220;55px&#8220;][\/vc_column][vc_column width=&#8220;2\/3&#8243; offset=&#8220;vc_col-lg-offset-0 vc_col-lg-4 vc_col-md-offset-0 vc_col-md-4 vc_col-sm-offset-2&#8243;][vc_video link=&#8220;https:\/\/youtu.be\/yAC590BvQLM?si=ouOguElvebIiuG6R&#8220; el_aspect=&#8220;43&#8243;][vc_empty_space height=&#8220;55px&#8220;][vc_btn title=&#8220;Ich bin gegen ein Sexkaufverbot&#8220; color=&#8220;green&#8220; link=&#8220;url:https%3A%2F%2Fwww.redet-mit-uns.de%2Funterzeichnen%2Fpetition-an-bundesfamilienministerin-paus%2F%3Ffbclid%3DIwY2xjawHuHoxleHRuA2FlbQIxMAABHUDPjUdf0kLP7nHmV23h0PU3s43CX15tHxgH17S9I1QRkFxvz9DygHNV5w_aem_HD5tx5TPudBy0cE_Aeb_Zg|title:gewerbliche%20Zimmervermietung|target:_blank&#8220;][\/vc_column][vc_column width=&#8220;2\/3&#8243; offset=&#8220;vc_col-lg-offset-0 vc_col-lg-4 vc_col-md-offset-0 vc_col-md-4 vc_col-sm-offset-2&#8243;]<div class=\"edgtf-team-holder  edgtf-team-info-below-image\">\n\t<div class=\"edgtf-team-inner\">\n\t\t\t\t\t<div class=\"edgtf-team-image\">\n                <img loading=\"lazy\" decoding=\"async\" width=\"800\" height=\"640\" src=\"https:\/\/hafenlust.de\/web\/wp-content\/uploads\/2025\/12\/vorschau_Anna_12_25_Hafenlust_Gast_IMG_3928.webp\" class=\"attachment-full size-full not-transparent\" alt=\"\" srcset=\"https:\/\/hafenlust.de\/web\/wp-content\/uploads\/2025\/12\/vorschau_Anna_12_25_Hafenlust_Gast_IMG_3928.webp 800w, https:\/\/hafenlust.de\/web\/wp-content\/uploads\/2025\/12\/vorschau_Anna_12_25_Hafenlust_Gast_IMG_3928-300x240.webp 300w, https:\/\/hafenlust.de\/web\/wp-content\/uploads\/2025\/12\/vorschau_Anna_12_25_Hafenlust_Gast_IMG_3928-768x614.webp 768w\" sizes=\"auto, (max-width: 800px) 100vw, 800px\" data-has-transparency=\"false\" data-dominant-color=\"aa2720\" style=\"--dominant-color: #aa2720;\" \/>\t\t\t<\/div>\n\t\t\t\t<div class=\"edgtf-team-info\">\n\t\t\t\t\t\t\t<h4 class=\"edgtf-team-name\" >Anna<\/h4>\n\t\t\t\t\t\t\t\t\t\t<p class=\"edgtf-team-position\" >22 Jahre<\/p>\n\t\t\t\t\t\t\t\t\t\t<p class=\"edgtf-team-text\" >zur Zeit nicht im Haus<\/p>\n\t\t\t\t\t\t\t\t<\/div>\n\t<\/div>\n<\/div>[vc_empty_space height=&#8220;55px&#8220;][\/vc_column][\/vc_row][vc_row row_content_width=&#8220;grid&#8220; content_text_aligment=&#8220;center&#8220; css=&#8220;.vc_custom_1666288164689{padding-bottom: 50px !important;}&#8220;][vc_column width=&#8220;2\/3&#8243; offset=&#8220;vc_col-lg-offset-0 vc_col-lg-4 vc_col-md-offset-0 vc_col-md-4 vc_col-sm-offset-2&#8243;][vc_empty_space height=&#8220;55px&#8220;][\/vc_column][vc_column width=&#8220;2\/3&#8243; offset=&#8220;vc_col-lg-offset-0 vc_col-lg-4 vc_col-md-offset-0 vc_col-md-4 vc_col-sm-offset-2&#8243;][vc_empty_space height=&#8220;55px&#8220;][\/vc_column][vc_column width=&#8220;2\/3&#8243; offset=&#8220;vc_col-lg-offset-0 vc_col-lg-4 vc_col-md-offset-0 vc_col-md-4 vc_col-sm-offset-2&#8243;][vc_empty_space height=&#8220;55px&#8220;][\/vc_column][\/vc_row][vc_row row_content_width=&#8220;grid&#8220; content_text_aligment=&#8220;center&#8220; css=&#8220;.vc_custom_1666288164689{padding-bottom: 50px !important;}&#8220;][vc_column width=&#8220;2\/3&#8243; offset=&#8220;vc_col-lg-offset-0 vc_col-lg-4 vc_col-md-offset-0 vc_col-md-4 vc_col-sm-offset-2&#8243;][vc_empty_space height=&#8220;55px&#8220;][\/vc_column][vc_column width=&#8220;2\/3&#8243; offset=&#8220;vc_col-lg-offset-0 vc_col-lg-4 vc_col-md-offset-0 vc_col-md-4 vc_col-sm-offset-2&#8243;][vc_empty_space height=&#8220;55px&#8220;][\/vc_column][vc_column width=&#8220;2\/3&#8243; offset=&#8220;vc_col-lg-offset-0 vc_col-lg-4 vc_col-md-offset-0 vc_col-md-4 vc_col-sm-offset-2&#8243;][vc_empty_space height=&#8220;55px&#8220;][\/vc_column][\/vc_row][vc_row row_content_width=&#8220;grid&#8220; content_text_aligment=&#8220;center&#8220; css=&#8220;.vc_custom_1666288164689{padding-bottom: 50px !important;}&#8220;][vc_column width=&#8220;2\/3&#8243; offset=&#8220;vc_col-lg-offset-0 vc_col-lg-4 vc_col-md-offset-0 vc_col-md-4 vc_col-sm-offset-2&#8243;][vc_empty_space height=&#8220;55px&#8220;][\/vc_column][vc_column width=&#8220;2\/3&#8243; offset=&#8220;vc_col-lg-offset-0 vc_col-lg-4 vc_col-md-offset-0 vc_col-md-4 vc_col-sm-offset-2&#8243;][vc_empty_space height=&#8220;55px&#8220;][\/vc_column][vc_column width=&#8220;2\/3&#8243; offset=&#8220;vc_col-lg-offset-0 vc_col-lg-4 vc_col-md-offset-0 vc_col-md-4 vc_col-sm-offset-2&#8243;][vc_empty_space height=&#8220;55px&#8220;][\/vc_column][\/vc_row][vc_row equal_height=&#8220;yes&#8220; content_placement=&#8220;top&#8220; row_content_width=&#8220;grid&#8220; content_text_aligment=&#8220;left&#8220; css=&#8220;.vc_custom_1619904298230{padding-bottom: 89px !important;}&#8220;][vc_column width=&#8220;5\/6&#8243; offset=&#8220;vc_col-lg-offset-0 vc_col-lg-6 vc_col-md-offset-0 vc_col-md-8 vc_col-sm-offset-0&#8243; css=&#8220;.vc_custom_1522241397162{padding-top: 6px !important;}&#8220;]<div class=\"edgtf-section-title-holder  \" >\n\t<div class=\"edgtf-st-inner\">\n\t\t\t\t\t<var class=\"edgtf-st-tagline\" style=\"margin-bottom: -7px\">\n\t\t\t\tLieber Gast\t\t\t<\/var>\n\t\t\t\t\t\t\t<h3 class=\"edgtf-st-title\" >\n\t\t\t\tbitte beachte,<span class=\"edgtf-st-title-dot\">.<\/span>\t\t\t<\/h3>\n\t\t\t\t\t\t\t<p class=\"edgtf-st-text\" style=\"margin-top: 25px\">\n\t\t\t\tda die Damen als selbst\u00e4ndige Unternehmerin t\u00e4tig sind, finden verbindliche Absprachen bez\u00fcglich Art des Services, H\u00f6he der Verg\u00fctung sowie die Modalit\u00e4ten der Bezahlung ausschlie\u00dflich zwischen Dir und den Damen statt.<br \/>\nWir freuen uns auf Deinen Besuch<br \/>\nDein Hafenlust Team\t\t\t<\/p>\n\t\t\t\t\t<\/div>\n<\/div>[vc_empty_space][\/vc_column][vc_column offset=&#8220;vc_col-lg-offset-0 vc_col-lg-6 vc_hidden-lg vc_col-md-12 vc_hidden-md vc_hidden-sm vc_hidden-xs&#8220;]<div class=\"edgtf-progress-bar \">\n\t<p class=\"edgtf-pb-title-holder\" >\n\t\t<span class=\"edgtf-pb-title\">Design<\/span>\n\t\t<span class=\"edgtf-pb-percent\">0<\/span>\n\t<\/p>\n\t<div class=\"edgtf-pb-content-holder\" >\n\t\t<div data-percentage=89 class=\"edgtf-pb-content\" ><\/div>\n\t<\/div>\n<\/div>[vc_empty_space height=&#8220;21px&#8220;]<div class=\"edgtf-progress-bar \">\n\t<p class=\"edgtf-pb-title-holder\" >\n\t\t<span class=\"edgtf-pb-title\">Development<\/span>\n\t\t<span class=\"edgtf-pb-percent\">0<\/span>\n\t<\/p>\n\t<div class=\"edgtf-pb-content-holder\" >\n\t\t<div data-percentage=93 class=\"edgtf-pb-content\" ><\/div>\n\t<\/div>\n<\/div>[vc_empty_space height=&#8220;21px&#8220;]<div class=\"edgtf-progress-bar \">\n\t<p class=\"edgtf-pb-title-holder\" >\n\t\t<span class=\"edgtf-pb-title\">Implementation<\/span>\n\t\t<span class=\"edgtf-pb-percent\">0<\/span>\n\t<\/p>\n\t<div class=\"edgtf-pb-content-holder\" >\n\t\t<div data-percentage=80 class=\"edgtf-pb-content\" ><\/div>\n\t<\/div>\n<\/div>[vc_empty_space height=&#8220;41px&#8220;][\/vc_column][\/vc_row]<\/p>\n<\/div>","protected":false},"excerpt":{"rendered":"<p>[vc_row row_content_width=&#8220;grid&#8220; content_text_aligment=&#8220;center&#8220; css=&#8220;.vc_custom_1623577997117{padding-top: 13px !important;}&#8220;][vc_column width=&#8220;2\/3&#8243; offset=&#8220;vc_col-lg-offset-0 vc_col-lg-4 vc_col-md-offset-0 vc_col-md-4 vc_col-sm-offset-2&#8243;][vc_empty_space height=&#8220;55px&#8220;][vc_btn title=&#8220;Anni&#8217;s Bilder&#8220; color=&#8220;warning&#8220; css=&#8220;&#8220; link=&#8220;url:https%3A%2F%2Fwww.6profis.de%2Fbordell%2Fhamm%2Fhammer-triebwerk%2Fanni-105940.html|target:_blank&#8220;][\/vc_column][vc_column width=&#8220;2\/3&#8243; offset=&#8220;vc_col-lg-offset-0 vc_col-lg-4 vc_col-md-offset-0 vc_col-md-4 vc_col-sm-offset-2&#8243;][vc_empty_space height=&#8220;55px&#8220;][vc_btn title=&#8220;Infos &amp; Bilder&#8220; color=&#8220;warning&#8220; css=&#8220;&#8220; link=&#8220;url:https%3A%2F%2Fwww.6profis.de%2Fbordell%2Fhamm%2Fhammer-triebwerk%2Fjanina-80267.html|target:_blank&#8220;][\/vc_column][vc_column width=&#8220;2\/3&#8243; offset=&#8220;vc_col-lg-offset-0 vc_col-lg-4 vc_col-md-offset-0 vc_col-md-4 vc_col-sm-offset-2&#8243;][vc_empty_space height=&#8220;55px&#8220;][vc_btn title=&#8220;Infos &amp; Bilder&#8220; color=&#8220;warning&#8220; css=&#8220;&#8220; link=&#8220;url:https%3A%2F%2Fwww.6profis.de%2Fbordell%2Fhamm%2Fhammer-triebwerk%2Fsofia-106132.html|target:_blank&#8220;][\/vc_column][\/vc_row][vc_row row_content_width=&#8220;grid&#8220; content_text_aligment=&#8220;center&#8220; css=&#8220;.vc_custom_1623577997117{padding-top: 13px !important;}&#8220;][vc_column width=&#8220;2\/3&#8243; offset=&#8220;vc_col-lg-offset-0 vc_col-lg-4 vc_col-md-offset-0 vc_col-md-4 vc_col-sm-offset-2&#8243;][vc_empty_space height=&#8220;55px&#8220;][vc_btn title=&#8220;Rosy&#8217;s Infos &amp; Bilder&#8220; color=&#8220;warning&#8220; css=&#8220;&#8220; link=&#8220;url:https%3A%2F%2Fwww.6profis.de%2Fbordell%2Fhamm%2Fhammer-triebwerk%2Frosy-112167.html|target:_blank&#8220;][\/vc_column][vc_column width=&#8220;2\/3&#8243; offset=&#8220;vc_col-lg-offset-0 vc_col-lg-4 vc_col-md-offset-0 vc_col-md-4 vc_col-sm-offset-2&#8243;][vc_empty_space height=&#8220;55px&#8220;][vc_btn title=&#8220;Infos &amp; Bilder&#8220; color=&#8220;warning&#8220; css=&#8220;&#8220; link=&#8220;url:https%3A%2F%2Fwww.6profis.de%2Fbordell%2Fhamm%2Fhammer-triebwerk%2Fsussi-110380.html|target:_blank&#8220;][\/vc_column][vc_column width=&#8220;2\/3&#8243; offset=&#8220;vc_col-lg-offset-0 vc_col-lg-4 vc_col-md-offset-0 vc_col-md-4 vc_col-sm-offset-2&#8243;][vc_empty_space height=&#8220;55px&#8220;][vc_btn title=&#8220;Kim&#8217;s Infos &amp; Bilder&#8220; color=&#8220;warning&#8220; css=&#8220;&#8220; link=&#8220;url:https%3A%2F%2Fwww.6profis.de%2Fbordell%2Fhamm%2Fhammer-triebwerk%2Fkim-74957.html|target:_blank&#8220;][\/vc_column][\/vc_row][vc_row row_content_width=&#8220;grid&#8220; content_text_aligment=&#8220;center&#8220; css=&#8220;.vc_custom_1623577997117{padding-top: 13px !important;}&#8220;][vc_column width=&#8220;2\/3&#8243; offset=&#8220;vc_col-lg-offset-0 vc_col-lg-4 vc_col-md-offset-0 vc_col-md-4 [&hellip;]<\/p>\n","protected":false},"author":1,"featured_media":0,"parent":0,"menu_order":0,"comment_status":"closed","ping_status":"closed","template":"full-width.php","meta":{"_monsterinsights_skip_tracking":false,"_monsterinsights_sitenote_active":false,"_monsterinsights_sitenote_note":"","_monsterinsights_sitenote_category":0,"footnotes":""},"class_list":["post-1353","page","type-page","status-publish","hentry"],"aioseo_notices":[],"_links":{"self":[{"href":"https:\/\/hafenlust.de\/web\/wp-json\/wp\/v2\/pages\/1353","targetHints":{"allow":["GET"]}}],"collection":[{"href":"https:\/\/hafenlust.de\/web\/wp-json\/wp\/v2\/pages"}],"about":[{"href":"https:\/\/hafenlust.de\/web\/wp-json\/wp\/v2\/types\/page"}],"author":[{"embeddable":true,"href":"https:\/\/hafenlust.de\/web\/wp-json\/wp\/v2\/users\/1"}],"replies":[{"embeddable":true,"href":"https:\/\/hafenlust.de\/web\/wp-json\/wp\/v2\/comments?post=1353"}],"version-history":[{"count":1116,"href":"https:\/\/hafenlust.de\/web\/wp-json\/wp\/v2\/pages\/1353\/revisions"}],"predecessor-version":[{"id":7560,"href":"https:\/\/hafenlust.de\/web\/wp-json\/wp\/v2\/pages\/1353\/revisions\/7560"}],"wp:attachment":[{"href":"https:\/\/hafenlust.de\/web\/wp-json\/wp\/v2\/media?parent=1353"}],"curies":[{"name":"wp","href":"https:\/\/api.w.org\/{rel}","templated":true}]}}